-12 - -35)?
-14
-3 + 10 + -4 + 8 + -16 - 1
-6
What is the value of 2 - (2 + 3) - (-35 - (-25 - -13))?
20
Evaluate (-1 - 2 - 1) + (0 - (25 + -32)).
3
What is 4 + (1 - 9) + (22 - 17) + -2?
-1
-2 - (-13 - (-13 + -27))
-29
-41 - (6 - (17 - -16))
-14
What is (-6 - (-9 - -10)) + (1 - -8) + -5?
-3
Evaluate 4 - (2 + -7 + 8 - (-17 - -6)).
-10
Calculate -15 - (-41 - (-30 + -31)).
-35
What is the value of -1 + 5 + (-46 - -37) - 6?
-11
29 - 12 - (-6 - -13)
10
2 - 6 - (19 + 5 + -34)
6
What is the value of -27 - (-8 - (-2 + 15))?
-6
1 + -1 + (7 + (-8 - -3) - -11)
13
What is -5 + 2 + 12 - (24 - (6 - 2))?
-11
What is the value of -13 - -8 - (-5 + 7 + -13 + 1)?
5
What is the value of -255 - -279 - (2 + 37)?
-15
Calculate 20 - (8 + -24 + 44).
-8
Evaluate 0 + -26 + 1 + -195 + 201.
-19
11 - (1 + 9 + 13) - -31
19
What is 1 + 0 + 10 + (900 - 902)?
9
Evaluate -10 + -5 + (-8 - (11 - 16)).
-18
Calculate -10 + 1 + 15 + -4 + -3.
-1
7 + 1 - ((-7 - -1) + -50 + 54)
10
What is the value of 1 - -10 - (141 - 138)?
8
What is the value of 29 + (29 - 84) + 10?
-16
Calculate 143 + -172 - (1 - 25).
-5
What is the value of 7 - (28 - 3) - -6?
-12
(-9 - -1) + (7 - 11) + 8
-4
What is 4 - -5 - (19 - 12) - -3?
5
What is -6 - (-19 + 36) - -12?
-11
Calculate 85 + -50 - (21 - 2) - (-3 - -2).
17
Evaluate (13 - (10 - -17)) + 8.
-6
What is (-29 - -46) + (-25 - -9)?
1
Evaluate -19 - (5 + -25) - 9.
-8
Calculate 4 + -7 - (-6 - (-1 + 7)).
9
Evaluate (-29 - (-15 + 3)) + (-33 - -24).
-26
Calculate -18 - -11 - ((-6 - -3) + 1).
-5
Calculate -4 - (-9 + 10 - (-6 + -1)).
-12
What is the value of -13 + 8 + 4 + -4?
-5
What is -8 - -6 - (-28 + 32)?
-6
What is the value of 16 - (6 + (30 - 14))?
-6
What is -3 - (-5 + 13 + 23)?
-34
1 - (-4 + 2 - (-17 + 16))
2
What is the value of 4 - 28 - -20 - (-1 - -10)?
-13
-121 - -120 - (-3 - 3)
5
What is the value of -12 + (-16 - -9) - -17?
-2
-4 + -7 + (-1 - (1 + -14))
1
Calculate (15 - -4) + (-9 - (0 + -18)).
28
Evaluate 6 + 8 - (21 - (2 - 0)).
-5
What is the value of 0 - 32 - (-11 - (8 + (-28 - -18)))?
-23
What is the value of 19 + (-47 - -26) + -7?
-9
-6 + -4 - (-26 - (24 - (27 + -13)))
26
Calculate (-12 + 3 - -10) + (1 - 8) - -7.
1
Calculate 0 + 9 + -6 + 6.
9
What is (35 - (12 + -10)) + -15?
18
Evaluate 7 - (-12 - -17 - 9).
11
What is -25 - ((-23 - 16) + 12)?
2
What is 12 - ((-2 - -1) + (-12 - (-15 + 2)))?
12
What is 7 + -8 + 25 + (13 - 20)?
17
What is the value of 10 - (-17 - (10 - 21) - (2 - 14))?
4
What is the value of -70 - (16 + 17 + -73)?
-30
-1 - (-3 + 2 + -25 + 22)
3
What is the value of 27 + -7 + -29 - -15?
6
-8 - (-2 - (12 - 12))
-6
What is the value of 5 - -10 - (7 - 15)?
23
1 + (22 - 0) - (-9 - -84 - 71)
19
What is the value of 11 + -25 + (-12 - -1) + -1?
-26
-6 - (-17 + 13 + -1)
-1
Evaluate 11 - (9 - (-19 + 16)).
-1
Evaluate (-2 - -47) + (60 - 70) - 11 - -6.
30
(1 - 1) + (30 + -18 + -33 - 1)
-22
Evaluate -31 - (19 + -68 + 8).
10
18 + (-10 - -15) - 10
13
What is -2507 + 2504 + -2 + 1 + 0 + 12?
8
What is (0 - -7) + -12 + (5 - 12)?
-12
What is the value of -24 + 22 - (13 + -4) - -3 - 5?
-13
What is the value of -8 + -7 + (3 + -2 - -4)?
-10
19 - (1 + 1) - (-317 - -327)
7
-5 + (7 + -2 + 0 - 2) - 12
-14
What is the value of (3461 - 3455) + (1 - (0 - 1) - -1)?
9
What is the value of -10 - 2 - (210 + -210)?
-12
Calculate (-4 - (-13 + 8)) + 0.
1
Calculate 20 - (-48 - -57 - (1 - (-6 - -3))).
15
Evaluate -31 - (-1 + -4 - (17 - (6 + 8))).
-23
Calculate (-3 - (-5 + -3)) + (4 - 0 - 4).
5
Calculate (-1 - 13) + 261 + -228 - (-2 + 8).
13
Calculate 5 + (-7 - (-16 - -6)) + -10.
-2
52 - 17 - (42 + 0)
-7
(6 - 11 - 4) + 28 - 7
12
Evaluate -13 + (14 - -37) + -24.
14
Calculate -10 + (9 - (13 + -3)) + -16.
-27
Calculate 242 - 235 - (6 + -1).
2
What is -7 - ((-21 - 14) + (0 - (7 - 13)))?
22
Calculate 15 + (-40 - (-13 - 1)).
-11
Evaluate -10 - -7 - -2 - (-1 + 12).
-12
5 - 0 - 10 - (-5 - (-4 - 2))
-6
Evaluate -10 - (-3 + -9 + 0) - -17.
19
Calculate -17 - (5 + (-4 - (20 + -11))).
-9
What is (3 - 0) + (28 - (1 + 6 + 14))?
10
Evaluate -4 + -2 - 2 - (-59 - -38).
13
(12 - 12) + 4 + -7
-3
What is the value of 5 + -5 + (8 - 12)?
-4
What is the value of (3 - 9) + (-4 - 0) - 5?
-15
Evaluate 8 - -5 - -4 - (1 + 0 + -5).
21
What is 7 + (-2 - -5) - 5 - 4 - -8?
9
Calculate -34 + 33 - (-3 + 3).
-1
What is 0 + (10 - -5 - -5) + -10 + 5?
15
Calculate 37 - 46 - -20 - (1 + -3 - 8).
21
Evaluate -5 - (28 + -19 - (7 - 1)).
-8
What is (-2 - (0 + -21)) + (72 - 119)?
-28
Calculate -7 + (3 - -1) - (-4 + 8).
-7
Calculate (-44 - -25) + 3 + 32 + 3.
19
Evaluate -8 + -3 + (-44 - (11 - 89)).
23
3 + (6 - 1 - (231 + -198))
-25
What is the value of 0 - (-17 + -6 + 3 + 7 - -3)?
10
(-1 - 0 - (37 - 32)) + -1
-7
Calculate 5 - (-6 + 2 + 10 + -3) - 30.
-28
Evaluate -11 + (3 + -17 + 13 - -22).
10
What is 7 - -4 - (-6 - -7) - (-14 - -5)?
19
Calculate (-22 - (24 - 29)) + 27.
10
What is the value of -19 - (-15 + (-3 - 12) + 17)?
-6
What is 15 - 2 - -1 - (26 - (9 + 10))?
7
What is 2 - (-9 + 2) - (9 - (3 + 5))?
8
Calculate 0 + -4 + 1 + 2 - 3 - -12.
8
What is the value of 8 + -3 + 2 + (0 - 11)?
-4
-48 + 41 + (0 - 0) + -7
-14
What is (-19 - (-5 - -1) - -1) + 8 + -2?
-8
What is the value of 5 + (6 - 10) + -8 - (57 - 75)?
11
Calculate -16 + 17 - 16 - -10.
-5
Evaluate -2 + 0 + -2 + (24 - (29 - 6)).
-3
What is 23 + -55 - -11 - -10?
-11
Calculate -9 + 40 + (1 - 1) + -11.
20
What is 5 + (10 - -4) + -9?
10
Evaluate 0 + (2 - 1) + 0 + -6 + -5.
-10
(-2 - -12) + -3 - 6
1
Calculate -3 - (39 - (8 - 14 - (-16 - 1))).
-31
What is the value of -9 - (-29 - -26 - (-8 - 1))?
-15
Evaluate 17 - (14 - (17 - (14 + -2))).
8
What is the value of 5 + -8 + (8 - (-4 - -6) - -3)?
6
-23 + (7 - ((0 - 2) + 0))
-14
What is the value of (-13 - 2) + (11 - (9 - 40))?
27
What is 9 - 28 - (-9 - -13)?
-23
-11 + 5 + 4 - -4
2
-11 + 12 + -50 + 19
-30
590 + -602 - (5 + (2 - (0 - -2)))
-17
What is the value of 1 + 7 + (17 - 26)?
-1
Evaluate (-11 - (-23 - 8)) + -4 - (-2 - -6).
12
Calculate 0 - 1 - (64 - (22 + 48)).
5
What is the value of -6 + 16 + (-1 - -3 - (18 - 12))?
6
What is the value of (2 - -22) + -92 + 35?
-33
What is 17 - (-3 + 10 + (5 - (19 - 8)))?
16
(-46 + 17 - 4) + 52
19
-8 - -12 - (-6 - (-5 + 0 - -4))
9
What is 0 - 11 - (-39 + 23)?
5
What is 3 + -6 - ((0 - -2) + (-11 - -11))?
-5
What is (10 - -12 - -26) + -16?
32
(-1 - 8) + (-147 - -153)
-3
Evaluate -11 - ((-26 - -3) + 16).
-4
-29 + 8 + 23 + 11
13
What is the value of 6 + 3 + (-3 - -6) + -9 + 8?
11
Calculate 3 + 2 + -15 + 0 + 6 - -12.
8
(1 - -3) + -28 + (15 - 2)
-11
8 - 2 - (-4 - -4) - (1 - -3)
2
What is the value of 3 + -2 + 1 + 0?
2
What is -47 + 30 + 33 + -33?
-17
Calculate -114 + 132 + (-3 - -1) + -50.
-34
Calculate 21 - 12 - 3 - (1 + -1 + -9).
15
(8 - 10) + -5 + 4 - 12
-15
Calculate 5 - (0 - -2) - (28 - (41 - 11)).
5
Calculate 8 - (-8 + (7 - 0) + (26 - 29)).
12
-6 - -3 - (-8 - -19 - 3)
-11
Calculate 12 + (-8 - -8) + 6 + (1 - 1).
18
-7 + (-3 - (-5 + (0 - 1 - -11)))
-15
What is 2 + -13 + 10 - (-3 + 3)?
-1
Evaluate -10 + -1 - (65 - 87).
11
(-7 - -35) + -7 + -38
-17
What is 2 + 0 + (-30 - -33) - (8 + -5)?
2
-15 + -15 + 21 - (2 + -3 - -1)
-9
Evaluate 15 + 4 + (6 - (-2 + -6 + 14)).
19
What is 15 + 36 + (-7 + -18 - -9)?
35
Calculate -8 - (18 + -46 - -4).
16
What is -2 + (4 + -6 - (17 + -3 + 3))?
-21
-9 - (13 - -2) - -15
-9
Evaluate -63 + (-32 - -65) + 30.
0
30 + 1 + 911 + -921
21
157 - 160 - (-2 + -10 - -2)
7
What is -32 + 0 + 2 - (7 - 10 - 6)?
-21
What is the value of -22 - (39 + -21 - 14)?
-26
3 - 16 - (-53 - -2 - -1)
37
What is the value of (1 - 4) + 99 + -111?
-15
What is the value of 7 + 1 + -42 + 70 + -27?
9
What is the value of 2 + (-4 - -8) + -12 + 13?
7
Calculate 13 + 2 + -11 + -2 + 3 + -18.
-13
Calculate -12 - (10 + (-26 - (-9 + 0))) - 6.
-11
What is 3 - 3 - (6 + 5 - (2 + 5))?
-4
-3 + -8 + 0 + -54 + 54
-11
What is the value of -2 + 3 - (-7 + -4) - 5?
7
What is (-24 - 3 - -20) + 0 + -2?
-9
Calculate 1 + -3 + (2 - (19 + -18)).
-1
-2 + 3 + 10 + (-20 - -31 - 19)
3
What is the value of (-12 - (20 - 30)) + -13?
-15
Evaluate 3 - 15 - (13 - -10 - 13).
-22
What is the value of 6 + (-9 - (8 + -24))?
13
What is the value of 3 - (-2 - -12) - (-447 - -456)?
-16
(-18 - -25) + (-3 - -2) + (0 - 9)
-3
Evaluate -52 - -15 - -19 - -5.
-13
Calculate 44 + -83 + (30 - 5).
-14
Calculate (-66 + 79 - (-1 + 11)) + -13 - -2.